{"id":137,"date":"2025-06-09T17:41:07","date_gmt":"2025-06-09T17:41:07","guid":{"rendered":"https:\/\/www.psychotherapie-ginser.at\/?page_id=137"},"modified":"2025-12-12T07:41:47","modified_gmt":"2025-12-12T07:41:47","slug":"rahmenbedinungen-2-2-2-2-2-2-2","status":"publish","type":"page","link":"https:\/\/www.psychotherapie-ginser.at\/index.php\/rahmenbedinungen-2-2-2-2-2-2-2\/","title":{"rendered":"Impressum"},"content":{"rendered":"\t\t<div data-elementor-type=\"wp-page\" data-elementor-id=\"137\" class=\"elementor elementor-137\">\n\t\t\t\t<div class=\"elementor-element elementor-element-d504f67 e-flex e-con-boxed e-con e-parent\" data-id=\"d504f67\" data-element_type=\"container\" data-e-type=\"container\">\n\t\t\t\t\t<div class=\"e-con-inner\">\n\t\t\t\t<div class=\"elementor-element elementor-element-a6607ed elementor-widget elementor-widget-text-editor\" data-id=\"a6607ed\" data-element_type=\"widget\" data-e-type=\"widget\" data-widget_type=\"text-editor.default\">\n\t\t\t\t<div class=\"elementor-widget-container\">\n\t\t\t\t\t\t\t\t\t<p class=\"p1\"><b>Informationspflicht gem\u00e4\u00df \u00a7 5 ECG, \u00a7 24 MedienG und \u00a7 14 UGB<\/b><b><\/b><\/p><p class=\"p1\"><b>Name:<br \/><\/b><b><\/b>Claudia Ginser<\/p><p class=\"p1\"><b>Berufsbezeichnung:<br \/><\/b><b><\/b>Psychotherapeutin in Ausbildung unter Supervision<br \/>Fachspezifikum: Systemische Psychotherapie<\/p><p class=\"p1\"><b>Anschrift der Praxis:<br \/><\/b><b><\/b>Geblergasse 14 \/ Top 17<br \/>1170 Wien<br \/>\u00d6sterreich<\/p><p class=\"p1\"><b>Telefon: <\/b><b><\/b>+43 670 7715551<br \/><b>E-Mail: <\/b><b><\/b><a href=\"mailto:praxis@psychotherapie-ginser.at\">praxis@psychotherapie-ginser.at<\/a><br \/><b>Website: <\/b><b><\/b>www.psychotherapie-ginser.at<\/p><p class=\"p1\"><b>Aufsichtsbeh\u00f6rde \/ Berufsrechtliche Vorschriften:<\/b><b><\/b><\/p><p class=\"p3\">Psychotherapiegesetz (BGBl. Nr. 361\/1990)<\/p><p class=\"p3\">Mitglied des \u00d6sterreichischen Bundesverbands f\u00fcr Psychotherapie (\u00d6BVP)<\/p><p class=\"p3\">www.psychotherapie.at<\/p><p class=\"p1\"><b>Berufsbezeichnung verliehen in:<\/b><b><\/b><\/p><p class=\"p3\">\u00d6sterreich<\/p><p class=\"p1\"><b>Haftungsausschluss:<\/b><b><\/b><\/p><p class=\"p3\">Die Inhalte dieser Website wurden mit gr\u00f6\u00dftm\u00f6glicher Sorgfalt erstellt. F\u00fcr die Richtigkeit, Vollst\u00e4ndigkeit und Aktualit\u00e4t der Inhalte \u00fcbernehme ich keine Gew\u00e4hr. Diese Website enth\u00e4lt Links zu externen Webseiten Dritter, auf deren Inhalte ich keinen Einfluss habe. F\u00fcr diese fremden Inhalte \u00fcbernehme ich keine Verantwortung.<\/p><p class=\"p1\"><b>Urheberrecht:<\/b><b><\/b><\/p><p class=\"p3\">Die auf dieser Website ver\u00f6ffentlichten Inhalte und Werke unterliegen dem \u00f6sterreichischen Urheberrecht. Die Vervielf\u00e4ltigung, Bearbeitung, Verbreitung und jede Art der Verwertung au\u00dferhalb der Grenzen des Urheberrechts bed\u00fcrfen der schriftlichen Zustimmung der Urheberin.<\/p><p><b>Bildnachweise (Unsplash)<\/b><\/p><p class=\"p3\">Einige auf dieser Website verwendeten Bilder stammen von <a href=\"https:\/\/unsplash.com\/\" target=\"_blank\" rel=\"noopener\">Unsplash.com<\/a> und unterliegen der <a href=\"https:\/\/unsplash.com\/license\" target=\"_blank\" rel=\"noopener\">Unsplash-Lizenz<\/a>. Die Nutzung erfolgt gem\u00e4\u00df den Lizenzbedingungen \u2013 eine Namensnennung ist freiwillig, wird hier jedoch mit Dank an die Urheber:innen aufgef\u00fchrt:<\/p><p class=\"p1\"><b>Startseite<\/b><span class=\"s1\">:<br \/><\/span><i>Shutterstock\/Olha Rohulya<br \/><em><span class=\"MuiBox-root mui-16qd35q-centeredContent-avatarContainer\"><span class=\"MuiTypography-root MuiTypography-body1 mui-1w8ttpd-contributorLabel-linkAvatarLabel\">Shutterstock\/Jelena Piksajeva<\/span><\/span><br \/><\/em>Shutterstock\/<span class=\"MuiBox-root mui-16qd35q-centeredContent-avatarContainer\"><span class=\"MuiTypography-root MuiTypography-body1 mui-1w8ttpd-contributorLabel-linkAvatarLabel\">Sonja Filitz<\/span><\/span><br \/><\/i><i style=\"font-family: inherit; letter-spacing: 0px;\">Dominik Riesen<br \/><\/i><i style=\"font-family: inherit; letter-spacing: 0px;\"><\/i><em>Ludwig Schedl<\/em><\/p><p><strong>Meine Arbeitsweise:<br \/><\/strong><em>Claudia Ginser<\/em><\/p><p><strong>\u00dcber mich:<\/strong><br \/><em>Ludwig Schedl<\/em><\/p><p class=\"p1\"><b>Gender-Hinweis:<\/b><b><\/b><\/p><p class=\"p3\">Zur besseren Lesbarkeit wird auf dieser Website teils nur die weibliche oder m\u00e4nnliche Form verwendet. Gemeint sind jedoch stets alle Geschlechter.<\/p>\t\t\t\t\t\t\t\t<\/div>\n\t\t\t\t<\/div>\n\t\t\t\t\t<\/div>\n\t\t\t\t<\/div>\n\t\t\t\t<\/div>\n\t\t","protected":false},"excerpt":{"rendered":"<p>Informationspflicht gem\u00e4\u00df \u00a7 5 ECG, \u00a7 24 MedienG und \u00a7 14 UGB Name:Claudia Ginser Berufsbezeichnung:Psychotherapeutin in Ausbildung unter SupervisionFachspezifikum: Systemische Psychotherapie Anschrift der Praxis:Geblergasse 14 \/ Top 171170 Wien\u00d6sterreich Telefon: +43 670 7715551E-Mail: praxis@psychotherapie-ginser.atWebsite: www.psychotherapie-ginser.at Aufsichtsbeh\u00f6rde \/ Berufsrechtliche Vorschriften: Psychotherapiegesetz (BGBl. Nr. 361\/1990) Mitglied des \u00d6sterreichischen Bundesverbands f\u00fcr Psychotherapie (\u00d6BVP) www.psychotherapie.at Berufsbezeichnung verliehen in: \u00d6sterreich <a href=\"https:\/\/www.psychotherapie-ginser.at\/index.php\/rahmenbedinungen-2-2-2-2-2-2-2\/\" class=\"read-more below\">READ MORE<\/a><\/p>\n","protected":false},"author":3,"featured_media":0,"parent":0,"menu_order":0,"comment_status":"closed","ping_status":"closed","template":"elementor_header_footer","meta":{"footnotes":""},"class_list":["post-137","page","type-page","status-publish","hentry"],"_links":{"self":[{"href":"https:\/\/www.psychotherapie-ginser.at\/index.php\/wp-json\/wp\/v2\/pages\/137","targetHints":{"allow":["GET"]}}],"collection":[{"href":"https:\/\/www.psychotherapie-ginser.at\/index.php\/wp-json\/wp\/v2\/pages"}],"about":[{"href":"https:\/\/www.psychotherapie-ginser.at\/index.php\/wp-json\/wp\/v2\/types\/page"}],"author":[{"embeddable":true,"href":"https:\/\/www.psychotherapie-ginser.at\/index.php\/wp-json\/wp\/v2\/users\/3"}],"replies":[{"embeddable":true,"href":"https:\/\/www.psychotherapie-ginser.at\/index.php\/wp-json\/wp\/v2\/comments?post=137"}],"version-history":[{"count":43,"href":"https:\/\/www.psychotherapie-ginser.at\/index.php\/wp-json\/wp\/v2\/pages\/137\/revisions"}],"predecessor-version":[{"id":913,"href":"https:\/\/www.psychotherapie-ginser.at\/index.php\/wp-json\/wp\/v2\/pages\/137\/revisions\/913"}],"wp:attachment":[{"href":"https:\/\/www.psychotherapie-ginser.at\/index.php\/wp-json\/wp\/v2\/media?parent=137"}],"curies":[{"name":"wp","href":"https:\/\/api.w.org\/{rel}","templated":true}]}}